{"id":1194,"date":"2025-04-10T15:49:41","date_gmt":"2025-04-10T13:49:41","guid":{"rendered":"https:\/\/elpalauetdelpriorat.com\/nous\/"},"modified":"2025-08-03T11:08:24","modified_gmt":"2025-08-03T09:08:24","slug":"nous","status":"publish","type":"page","link":"https:\/\/elpalauetdelpriorat.com\/fr\/nous\/","title":{"rendered":"Nous"},"content":{"rendered":"\n<div class=\"wp-block-cover alignfull arriba\" style=\"min-height:736px;aspect-ratio:unset;\"><span aria-hidden=\"true\" class=\"wp-block-cover__background has-theme-palette-3-background-color has-background-dim-30 has-background-dim\"><\/span><img loading=\"lazy\" decoding=\"async\" width=\"2500\" height=\"1667\" class=\"wp-block-cover__image-background wp-image-126\" alt=\"\" src=\"https:\/\/elpalauetdelpriorat.com\/wp-content\/uploads\/2025\/04\/3-.jpg\" data-object-fit=\"cover\" srcset=\"https:\/\/elpalauetdelpriorat.com\/wp-content\/uploads\/2025\/04\/3-.jpg 2500w, https:\/\/elpalauetdelpriorat.com\/wp-content\/uploads\/2025\/04\/3--600x400.jpg 600w, https:\/\/elpalauetdelpriorat.com\/wp-content\/uploads\/2025\/04\/3--300x200.jpg 300w, https:\/\/elpalauetdelpriorat.com\/wp-content\/uploads\/2025\/04\/3--1024x683.jpg 1024w, https:\/\/elpalauetdelpriorat.com\/wp-content\/uploads\/2025\/04\/3--768x512.jpg 768w, https:\/\/elpalauetdelpriorat.com\/wp-content\/uploads\/2025\/04\/3--1536x1024.jpg 1536w, https:\/\/elpalauetdelpriorat.com\/wp-content\/uploads\/2025\/04\/3--2048x1366.jpg 2048w\" sizes=\"auto, (max-width: 2500px) 100vw, 2500px\" \/><div class=\"wp-block-cover__inner-container is-layout-constrained wp-block-cover-is-layout-constrained\">\n<p class=\"has-text-align-center has-theme-palette-9-color has-text-color has-link-color has-large-font-size wp-elements-76611a930a1b2ff01bd12a5b63fbd511\">NOUS<\/p>\n<\/div><\/div>\n\n<div class=\"wp-block-buttons botones is-content-justification-center is-layout-flex wp-container-core-buttons-is-layout-16018d1d wp-block-buttons-is-layout-flex\">\n<div class=\"wp-block-button has-custom-font-size has-small-font-size\"><a class=\"wp-block-button__link has-theme-palette-3-color has-theme-palette-9-background-color has-text-color has-background has-link-color wp-element-button\" href=\"https:\/\/elpalauetdelpriorat.com\/reservas\/\">R\u00c9SERVEZ MAINTENANT<\/a><\/div>\n\n\n\n<div class=\"wp-block-button has-custom-font-size has-small-font-size\"><a class=\"wp-block-button__link wp-element-button\" href=\"https:\/\/elpalauetdelpriorat.com\/reservas\/\">V\u00c9RIFIER LA DISPONIBILIT\u00c9<\/a><\/div>\n<\/div>\n\n<div class=\"wp-block-cover alignfull\"><span aria-hidden=\"true\" class=\"wp-block-cover__background has-theme-palette-9-background-color has-background-dim-100 has-background-dim\"><\/span><div class=\"wp-block-cover__inner-container is-layout-constrained wp-block-cover-is-layout-constrained\">\n<p><\/p>\n\n\n\n<h2 class=\"wp-block-heading has-text-align-center has-theme-palette-2-color has-text-color has-link-color has-large-font-size wp-elements-30efd9ce413cc6bccfba8d3b037ae44e\">Notre histoire<\/h2>\n\n\n\n<p class=\"has-text-align-center has-theme-palette-2-color has-text-color has-link-color has-medium-font-size wp-elements-51c599e4142bc006162b3f90443bec24\">\u00ab Le Palauet del Priorat est une oasis pour vous, une maison avec plus de 130 ans de splendeur. Des designs exclusifs aux finitions nobles, des bois aux veines exquises et des touches contemporaines extraordinaires sont une exp\u00e9rience totalement stimulante dans une maison assise sur une nappe de roches calcaires. \u00bb<\/p>\n\n\n<div class=\"wp-block-image\">\n<figure class=\"aligncenter size-full is-resized\"><img loading=\"lazy\" decoding=\"async\" width=\"526\" height=\"42\" src=\"https:\/\/elpalauetdelpriorat.com\/wp-content\/uploads\/2025\/04\/Captura-de-pantalla-2025-04-10-a-las-15.04.58.png\" alt=\"\" class=\"wp-image-68\" style=\"width:258px;height:auto\" srcset=\"https:\/\/elpalauetdelpriorat.com\/wp-content\/uploads\/2025\/04\/Captura-de-pantalla-2025-04-10-a-las-15.04.58.png 526w, https:\/\/elpalauetdelpriorat.com\/wp-content\/uploads\/2025\/04\/Captura-de-pantalla-2025-04-10-a-las-15.04.58-300x24.png 300w\" sizes=\"auto, (max-width: 526px) 100vw, 526px\" \/><\/figure>\n<\/div>\n\n\n<p><\/p>\n\n\n\n<div class=\"wp-block-columns is-layout-flex wp-container-core-columns-is-layout-9d6595d7 wp-block-columns-is-layout-flex\">\n<div class=\"wp-block-column is-layout-flow wp-block-column-is-layout-flow\" style=\"padding-right:var(--wp--preset--spacing--40);padding-left:var(--wp--preset--spacing--40)\">\n<h2 class=\"wp-block-heading has-theme-palette-3-color has-text-color has-link-color wp-elements-d9476745d19de7002bcd322bb557d215\">La meilleure qualit\u00e9<\/h2>\n\n\n\n<p class=\"has-theme-palette-3-color has-text-color has-link-color wp-elements-3140a61ad4385f8da9df97f7a90ffc79\">Le Palauet del Priorat est un m\u00e9lange d&rsquo;oasis, de coin de tranquillit\u00e9, de loisirs et de tourisme rural pour vous, dans une maison avec plus de trois si\u00e8cles de splendeur. O\u00f9 des designs exclusifs aux finitions nobles, des bois aux veines exquises et des touches contemporaines extraordinaires sont une exp\u00e9rience totalement stimulante. Paix, confort, commodit\u00e9s et services en parfaite harmonie, bref, un \u00e9quilibre entre le moderne et le classique.<\/p>\n<\/div>\n\n\n\n<div class=\"wp-block-column is-layout-flow wp-block-column-is-layout-flow\" style=\"padding-right:var(--wp--preset--spacing--40);padding-left:var(--wp--preset--spacing--40)\">\n<h2 class=\"wp-block-heading has-theme-palette-3-color has-text-color has-link-color wp-elements-e618bf179adc18ec27ac6e393baa6b45\">Le meilleur choix<\/h2>\n\n\n\n<p class=\"has-theme-palette-3-color has-text-color has-link-color wp-elements-a2601fc71ca9d75dad756a6df21f7c50\">7 chambres, dont deux doubles, cinq suites avec salle de bain et 3 zones s&rsquo;int\u00e8grent pour la perfection de votre plaisir\u00a0: hall, salle \u00e0 manger et club social au grenier. Au Palauet del Priorat, les zones nobles ont \u00e9t\u00e9 pr\u00e9serv\u00e9es, les murs en pierre et les sols en marbre ont \u00e9t\u00e9 restaur\u00e9s avec un confort et une qualit\u00e9 totale, des canap\u00e9s Chester, des fauteuils chals eims et le bien-\u00eatre des chemin\u00e9es en marbre donnent vie \u00e0 votre s\u00e9jour.<\/p>\n\n\n\n<p class=\"has-theme-palette-3-color has-text-color has-link-color wp-elements-9011e0768375ab46447670d1348fc56e\">Le Palauet del Priorat est actuellement enti\u00e8rement restaur\u00e9 pour cr\u00e9er un r\u00eave de plaisir et de repos, en respectant l&rsquo;architecture classique et la bioconstruction approuv\u00e9e par l&rsquo;Unesco en utilisant les mat\u00e9riaux et les mati\u00e8res premi\u00e8res \u00e9cologiques comme ils \u00e9taient utilis\u00e9s autrefois.<\/p>\n<\/div>\n\n\n\n<div class=\"wp-block-column is-layout-flow wp-block-column-is-layout-flow\" style=\"padding-right:var(--wp--preset--spacing--40);padding-left:var(--wp--preset--spacing--40)\">\n<h2 class=\"wp-block-heading has-theme-palette-3-color has-text-color has-link-color wp-elements-5b5a906fb46c61014d3a32b1af682974\">Le secret de l&rsquo;exclusivit\u00e9<\/h2>\n\n\n\n<p class=\"has-theme-palette-3-color has-text-color has-link-color wp-elements-92a25f20c533e6089187a8354ed1d449\">Paix, confort et harmonie parfaite, le Palauet del Priorat, est situ\u00e9 \u00e0 Cornudella de Montsant, entour\u00e9 d&rsquo;environnements et de paysages idylliques dans la r\u00e9gion du Priorat \u00e0 seulement 40 km de Tarragone et \u00e0 1h30 de Barcelone.<\/p>\n<\/div>\n<\/div>\n\n\n<div class=\"wp-block-image\">\n<figure class=\"aligncenter size-full is-resized\"><img loading=\"lazy\" decoding=\"async\" width=\"526\" height=\"42\" src=\"https:\/\/elpalauetdelpriorat.com\/wp-content\/uploads\/2025\/04\/Captura-de-pantalla-2025-04-10-a-las-15.04.58.png\" alt=\"\" class=\"wp-image-68\" style=\"width:258px;height:auto\" srcset=\"https:\/\/elpalauetdelpriorat.com\/wp-content\/uploads\/2025\/04\/Captura-de-pantalla-2025-04-10-a-las-15.04.58.png 526w, https:\/\/elpalauetdelpriorat.com\/wp-content\/uploads\/2025\/04\/Captura-de-pantalla-2025-04-10-a-las-15.04.58-300x24.png 300w\" sizes=\"auto, (max-width: 526px) 100vw, 526px\" \/><\/figure>\n<\/div>\n\n\n<div class=\"wp-block-columns is-layout-flex wp-container-core-columns-is-layout-9d6595d7 wp-block-columns-is-layout-flex\">\n<div class=\"wp-block-column is-layout-flow wp-block-column-is-layout-flow\" style=\"padding-right:var(--wp--preset--spacing--40);padding-left:var(--wp--preset--spacing--40)\">\n<h3 class=\"wp-block-heading has-theme-palette-3-color has-text-color has-link-color wp-elements-ecfeb63cb783683dbc834ebed2bc651b\">SALLES NOBLES ET POLYVALENCE<\/h3>\n\n\n\n<figure class=\"wp-block-image size-large\"><img loading=\"lazy\" decoding=\"async\" width=\"1024\" height=\"683\" src=\"https:\/\/elpalauetdelpriorat.com\/wp-content\/uploads\/2025\/04\/IMG_8292-1024x683.jpg\" alt=\"\" class=\"wp-image-139\" srcset=\"https:\/\/elpalauetdelpriorat.com\/wp-content\/uploads\/2025\/04\/IMG_8292-1024x683.jpg 1024w, https:\/\/elpalauetdelpriorat.com\/wp-content\/uploads\/2025\/04\/IMG_8292-600x400.jpg 600w, https:\/\/elpalauetdelpriorat.com\/wp-content\/uploads\/2025\/04\/IMG_8292-300x200.jpg 300w, https:\/\/elpalauetdelpriorat.com\/wp-content\/uploads\/2025\/04\/IMG_8292-768x512.jpg 768w, https:\/\/elpalauetdelpriorat.com\/wp-content\/uploads\/2025\/04\/IMG_8292.jpg 1500w\" sizes=\"auto, (max-width: 1024px) 100vw, 1024px\" \/><\/figure>\n\n\n\n<p class=\"has-theme-palette-3-color has-text-color has-link-color wp-elements-3c370c8a98aed2fbf107dc3b60689dad\">Au Palauet del Priorat, nous disposons d&rsquo;espaces con\u00e7us pour accueillir tout type d&rsquo;\u00e9v\u00e9nement ou de c\u00e9l\u00e9bration particuli\u00e8re ou professionnelle, garantissant ainsi leur succ\u00e8s.<\/p>\n\n\n\n<p class=\"has-theme-palette-3-color has-text-color has-link-color wp-elements-152032e5b4fcf542abc73fddf27a9504\"><a href=\"mailto:pepe@elpalauetdelpriorat.com\">Plus d&rsquo;informations et r\u00e9servations.<\/a><\/p>\n<\/div>\n\n\n\n<div class=\"wp-block-column is-layout-flow wp-block-column-is-layout-flow\" style=\"padding-right:var(--wp--preset--spacing--40);padding-left:var(--wp--preset--spacing--40)\">\n<h3 class=\"wp-block-heading has-theme-palette-3-color has-text-color has-link-color wp-elements-eb4907c1e7a2806a072e209765c7d598\">LES 7 CHAMBRES<\/h3>\n\n\n\n<figure class=\"wp-block-image size-large\"><img loading=\"lazy\" decoding=\"async\" width=\"1024\" height=\"682\" src=\"https:\/\/elpalauetdelpriorat.com\/wp-content\/uploads\/2025\/04\/SERVICIO-1024x682.jpg\" alt=\"\" class=\"wp-image-137\" srcset=\"https:\/\/elpalauetdelpriorat.com\/wp-content\/uploads\/2025\/04\/SERVICIO-1024x682.jpg 1024w, https:\/\/elpalauetdelpriorat.com\/wp-content\/uploads\/2025\/04\/SERVICIO-600x400.jpg 600w, https:\/\/elpalauetdelpriorat.com\/wp-content\/uploads\/2025\/04\/SERVICIO-300x200.jpg 300w, https:\/\/elpalauetdelpriorat.com\/wp-content\/uploads\/2025\/04\/SERVICIO-768x512.jpg 768w, https:\/\/elpalauetdelpriorat.com\/wp-content\/uploads\/2025\/04\/SERVICIO-1536x1024.jpg 1536w, https:\/\/elpalauetdelpriorat.com\/wp-content\/uploads\/2025\/04\/SERVICIO.jpg 2000w\" sizes=\"auto, (max-width: 1024px) 100vw, 1024px\" \/><\/figure>\n\n\n\n<p><\/p>\n\n\n\n<p class=\"has-theme-palette-3-color has-text-color has-link-color wp-elements-8efcbb6522633a95eb3f1036d3b8f20c\">5 suites et 2 chambres doubles avec charme et personnalit\u00e9 invitant ceux qui y s\u00e9journent \u00e0 vivre une exp\u00e9rience pleinement dans des environnements sereins et harmonieux.<\/p>\n\n\n\n<p class=\"has-theme-palette-3-color has-text-color has-link-color wp-elements-0e287cbf8ebc2f6b186041126ec42d35\"><a href=\"https:\/\/elpalauetdelpriorat.com\/siete-sentidos\">Choisissez votre pr\u00e9f\u00e9r\u00e9e<\/a><\/p>\n<\/div>\n<\/div>\n<\/div><\/div>\n","protected":false},"excerpt":{"rendered":"","protected":false},"author":1,"featured_media":0,"parent":0,"menu_order":0,"comment_status":"closed","ping_status":"closed","template":"","meta":{"_kad_post_transparent":"","_kad_post_title":"","_kad_post_layout":"","_kad_post_sidebar_id":"","_kad_post_content_style":"","_kad_post_vertical_padding":"","_kad_post_feature":"","_kad_post_feature_position":"","_kad_post_header":false,"_kad_post_footer":false,"_kad_post_classname":"","footnotes":""},"class_list":["post-1194","page","type-page","status-publish","hentry"],"_links":{"self":[{"href":"https:\/\/elpalauetdelpriorat.com\/fr\/wp-json\/wp\/v2\/pages\/1194","targetHints":{"allow":["GET"]}}],"collection":[{"href":"https:\/\/elpalauetdelpriorat.com\/fr\/wp-json\/wp\/v2\/pages"}],"about":[{"href":"https:\/\/elpalauetdelpriorat.com\/fr\/wp-json\/wp\/v2\/types\/page"}],"author":[{"embeddable":true,"href":"https:\/\/elpalauetdelpriorat.com\/fr\/wp-json\/wp\/v2\/users\/1"}],"replies":[{"embeddable":true,"href":"https:\/\/elpalauetdelpriorat.com\/fr\/wp-json\/wp\/v2\/comments?post=1194"}],"version-history":[{"count":1,"href":"https:\/\/elpalauetdelpriorat.com\/fr\/wp-json\/wp\/v2\/pages\/1194\/revisions"}],"predecessor-version":[{"id":1196,"href":"https:\/\/elpalauetdelpriorat.com\/fr\/wp-json\/wp\/v2\/pages\/1194\/revisions\/1196"}],"wp:attachment":[{"href":"https:\/\/elpalauetdelpriorat.com\/fr\/wp-json\/wp\/v2\/media?parent=1194"}],"curies":[{"name":"wp","href":"https:\/\/api.w.org\/{rel}","templated":true}]}}

<div class="wp-block-cover alignfull arriba" style="min-height:736px;aspect-ratio:unset;"><span aria-hidden="true" class="wp-block-cover__background has-theme-palette-3-background-color has-background-dim-30 has-background-dim"></span><img loading="lazy" decoding="async" width="2500" height="1667" class="wp-block-cover__image-background wp-image-126" alt="" src="https://elpalauetdelpriorat.com/wp-content/uploads/2025/04/3-.jpg" data-object-fit="cover" srcset="https://elpalauetdelpriorat.com/wp-content/uploads/2025/04/3-.jpg 2500w, https://elpalauetdelpriorat.com/wp-content/uploads/2025/04/3--600x400.jpg 600w, https://elpalauetdelpriorat.com/wp-content/uploads/2025/04/3--300x200.jpg 300w, https://elpalauetdelpriorat.com/wp-content/uploads/2025/04/3--1024x683.jpg 1024w, https://elpalauetdelpriorat.com/wp-content/uploads/2025/04/3--768x512.jpg 768w, https://elpalauetdelpriorat.com/wp-content/uploads/2025/04/3--1536x1024.jpg 1536w, https://elpalauetdelpriorat.com/wp-content/uploads/2025/04/3--2048x1366.jpg 2048w" sizes="auto, (max-width: 2500px) 100vw, 2500px" /><div class="wp-block-cover__inner-container is-layout-constrained wp-block-cover-is-layout-constrained">
<p class="has-text-align-center has-theme-palette-9-color has-text-color has-link-color has-large-font-size wp-elements-76611a930a1b2ff01bd12a5b63fbd511">NOUS</p>
</div></div>

<div class="wp-block-buttons botones is-content-justification-center is-layout-flex wp-container-core-buttons-is-layout-16018d1d wp-block-buttons-is-layout-flex">
<div class="wp-block-button has-custom-font-size has-small-font-size"><a class="wp-block-button__link has-theme-palette-3-color has-theme-palette-9-background-color has-text-color has-background has-link-color wp-element-button" href="https://elpalauetdelpriorat.com/reservas/">RÉSERVEZ MAINTENANT</a></div>



<div class="wp-block-button has-custom-font-size has-small-font-size"><a class="wp-block-button__link wp-element-button" href="https://elpalauetdelpriorat.com/reservas/">VÉRIFIER LA DISPONIBILITÉ</a></div>
</div>

<div class="wp-block-cover alignfull"><span aria-hidden="true" class="wp-block-cover__background has-theme-palette-9-background-color has-background-dim-100 has-background-dim"></span><div class="wp-block-cover__inner-container is-layout-constrained wp-block-cover-is-layout-constrained">
<p></p>



<h2 class="wp-block-heading has-text-align-center has-theme-palette-2-color has-text-color has-link-color has-large-font-size wp-elements-30efd9ce413cc6bccfba8d3b037ae44e">Notre histoire</h2>



<p class="has-text-align-center has-theme-palette-2-color has-text-color has-link-color has-medium-font-size wp-elements-51c599e4142bc006162b3f90443bec24">« Le Palauet del Priorat est une oasis pour vous, une maison avec plus de 130 ans de splendeur. Des designs exclusifs aux finitions nobles, des bois aux veines exquises et des touches contemporaines extraordinaires sont une expérience totalement stimulante dans une maison assise sur une nappe de roches calcaires. »</p>


<div class="wp-block-image">
<figure class="aligncenter size-full is-resized"><img loading="lazy" decoding="async" width="526" height="42" src="https://elpalauetdelpriorat.com/wp-content/uploads/2025/04/Captura-de-pantalla-2025-04-10-a-las-15.04.58.png" alt="" class="wp-image-68" style="width:258px;height:auto" srcset="https://elpalauetdelpriorat.com/wp-content/uploads/2025/04/Captura-de-pantalla-2025-04-10-a-las-15.04.58.png 526w, https://elpalauetdelpriorat.com/wp-content/uploads/2025/04/Captura-de-pantalla-2025-04-10-a-las-15.04.58-300x24.png 300w" sizes="auto, (max-width: 526px) 100vw, 526px" /></figure>
</div>


<p></p>



<div class="wp-block-columns is-layout-flex wp-container-core-columns-is-layout-9d6595d7 wp-block-columns-is-layout-flex">
<div class="wp-block-column is-layout-flow wp-block-column-is-layout-flow" style="padding-right:var(--wp--preset--spacing--40);padding-left:var(--wp--preset--spacing--40)">
<h2 class="wp-block-heading has-theme-palette-3-color has-text-color has-link-color wp-elements-d9476745d19de7002bcd322bb557d215">La meilleure qualité</h2>



<p class="has-theme-palette-3-color has-text-color has-link-color wp-elements-3140a61ad4385f8da9df97f7a90ffc79">Le Palauet del Priorat est un mélange d&rsquo;oasis, de coin de tranquillité, de loisirs et de tourisme rural pour vous, dans une maison avec plus de trois siècles de splendeur. Où des designs exclusifs aux finitions nobles, des bois aux veines exquises et des touches contemporaines extraordinaires sont une expérience totalement stimulante. Paix, confort, commodités et services en parfaite harmonie, bref, un équilibre entre le moderne et le classique.</p>
</div>



<div class="wp-block-column is-layout-flow wp-block-column-is-layout-flow" style="padding-right:var(--wp--preset--spacing--40);padding-left:var(--wp--preset--spacing--40)">
<h2 class="wp-block-heading has-theme-palette-3-color has-text-color has-link-color wp-elements-e618bf179adc18ec27ac6e393baa6b45">Le meilleur choix</h2>



<p class="has-theme-palette-3-color has-text-color has-link-color wp-elements-a2601fc71ca9d75dad756a6df21f7c50">7 chambres, dont deux doubles, cinq suites avec salle de bain et 3 zones s&rsquo;intègrent pour la perfection de votre plaisir : hall, salle à manger et club social au grenier. Au Palauet del Priorat, les zones nobles ont été préservées, les murs en pierre et les sols en marbre ont été restaurés avec un confort et une qualité totale, des canapés Chester, des fauteuils chals eims et le bien-être des cheminées en marbre donnent vie à votre séjour.</p>



<p class="has-theme-palette-3-color has-text-color has-link-color wp-elements-9011e0768375ab46447670d1348fc56e">Le Palauet del Priorat est actuellement entièrement restauré pour créer un rêve de plaisir et de repos, en respectant l&rsquo;architecture classique et la bioconstruction approuvée par l&rsquo;Unesco en utilisant les matériaux et les matières premières écologiques comme ils étaient utilisés autrefois.</p>
</div>



<div class="wp-block-column is-layout-flow wp-block-column-is-layout-flow" style="padding-right:var(--wp--preset--spacing--40);padding-left:var(--wp--preset--spacing--40)">
<h2 class="wp-block-heading has-theme-palette-3-color has-text-color has-link-color wp-elements-5b5a906fb46c61014d3a32b1af682974">Le secret de l&rsquo;exclusivité</h2>



<p class="has-theme-palette-3-color has-text-color has-link-color wp-elements-92a25f20c533e6089187a8354ed1d449">Paix, confort et harmonie parfaite, le Palauet del Priorat, est situé à Cornudella de Montsant, entouré d&rsquo;environnements et de paysages idylliques dans la région du Priorat à seulement 40 km de Tarragone et à 1h30 de Barcelone.</p>
</div>
</div>


<div class="wp-block-image">
<figure class="aligncenter size-full is-resized"><img loading="lazy" decoding="async" width="526" height="42" src="https://elpalauetdelpriorat.com/wp-content/uploads/2025/04/Captura-de-pantalla-2025-04-10-a-las-15.04.58.png" alt="" class="wp-image-68" style="width:258px;height:auto" srcset="https://elpalauetdelpriorat.com/wp-content/uploads/2025/04/Captura-de-pantalla-2025-04-10-a-las-15.04.58.png 526w, https://elpalauetdelpriorat.com/wp-content/uploads/2025/04/Captura-de-pantalla-2025-04-10-a-las-15.04.58-300x24.png 300w" sizes="auto, (max-width: 526px) 100vw, 526px" /></figure>
</div>


<div class="wp-block-columns is-layout-flex wp-container-core-columns-is-layout-9d6595d7 wp-block-columns-is-layout-flex">
<div class="wp-block-column is-layout-flow wp-block-column-is-layout-flow" style="padding-right:var(--wp--preset--spacing--40);padding-left:var(--wp--preset--spacing--40)">
<h3 class="wp-block-heading has-theme-palette-3-color has-text-color has-link-color wp-elements-ecfeb63cb783683dbc834ebed2bc651b">SALLES NOBLES ET POLYVALENCE</h3>



<figure class="wp-block-image size-large"><img loading="lazy" decoding="async" width="1024" height="683" src="https://elpalauetdelpriorat.com/wp-content/uploads/2025/04/IMG_8292-1024x683.jpg" alt="" class="wp-image-139" srcset="https://elpalauetdelpriorat.com/wp-content/uploads/2025/04/IMG_8292-1024x683.jpg 1024w, https://elpalauetdelpriorat.com/wp-content/uploads/2025/04/IMG_8292-600x400.jpg 600w, https://elpalauetdelpriorat.com/wp-content/uploads/2025/04/IMG_8292-300x200.jpg 300w, https://elpalauetdelpriorat.com/wp-content/uploads/2025/04/IMG_8292-768x512.jpg 768w, https://elpalauetdelpriorat.com/wp-content/uploads/2025/04/IMG_8292.jpg 1500w" sizes="auto, (max-width: 1024px) 100vw, 1024px" /></figure>



<p class="has-theme-palette-3-color has-text-color has-link-color wp-elements-3c370c8a98aed2fbf107dc3b60689dad">Au Palauet del Priorat, nous disposons d&rsquo;espaces conçus pour accueillir tout type d&rsquo;événement ou de célébration particulière ou professionnelle, garantissant ainsi leur succès.</p>



<p class="has-theme-palette-3-color has-text-color has-link-color wp-elements-152032e5b4fcf542abc73fddf27a9504"><a href="mailto:pepe@elpalauetdelpriorat.com">Plus d&rsquo;informations et réservations.</a></p>
</div>



<div class="wp-block-column is-layout-flow wp-block-column-is-layout-flow" style="padding-right:var(--wp--preset--spacing--40);padding-left:var(--wp--preset--spacing--40)">
<h3 class="wp-block-heading has-theme-palette-3-color has-text-color has-link-color wp-elements-eb4907c1e7a2806a072e209765c7d598">LES 7 CHAMBRES</h3>



<figure class="wp-block-image size-large"><img loading="lazy" decoding="async" width="1024" height="682" src="https://elpalauetdelpriorat.com/wp-content/uploads/2025/04/SERVICIO-1024x682.jpg" alt="" class="wp-image-137" srcset="https://elpalauetdelpriorat.com/wp-content/uploads/2025/04/SERVICIO-1024x682.jpg 1024w, https://elpalauetdelpriorat.com/wp-content/uploads/2025/04/SERVICIO-600x400.jpg 600w, https://elpalauetdelpriorat.com/wp-content/uploads/2025/04/SERVICIO-300x200.jpg 300w, https://elpalauetdelpriorat.com/wp-content/uploads/2025/04/SERVICIO-768x512.jpg 768w, https://elpalauetdelpriorat.com/wp-content/uploads/2025/04/SERVICIO-1536x1024.jpg 1536w, https://elpalauetdelpriorat.com/wp-content/uploads/2025/04/SERVICIO.jpg 2000w" sizes="auto, (max-width: 1024px) 100vw, 1024px" /></figure>



<p></p>



<p class="has-theme-palette-3-color has-text-color has-link-color wp-elements-8efcbb6522633a95eb3f1036d3b8f20c">5 suites et 2 chambres doubles avec charme et personnalité invitant ceux qui y séjournent à vivre une expérience pleinement dans des environnements sereins et harmonieux.</p>



<p class="has-theme-palette-3-color has-text-color has-link-color wp-elements-0e287cbf8ebc2f6b186041126ec42d35"><a href="https://elpalauetdelpriorat.com/siete-sentidos">Choisissez votre préférée</a></p>
</div>
</div>
</div></div>
